 + s**2 - s + 5. Suppose -6*b = -4*b. Let t be d(b). Suppose -668 - 447 = -t*y. Is y a composite number?
False
Suppose -4*f + 1650 = -1226. Is f composite?
False
Let j = 17 + -12. Suppose 3*m - j = 7. Is m prime?
False
Let z = -3358 - -5031. Is z composite?
True
Suppose 3*a + 3 = -p - 0*a, -2*p = -2*a - 2. Suppose p*n + n = 407. Is n a composite number?
True
Suppose -5*f = -5 + 260. Is (f/(-34))/(6/1516) a composite number?
False
Let r(u) = 42*u. Let j be r(5). Let s = j + -25. Is s prime?
False
Let a = -6316 + 9963. Is a a composite number?
True
Is -1*(-3)/(-2)*(-5366)/3 a prime number?
True
Suppose -336 = -4*d + 188. Is d prime?
True
Let p = 502 + -63. Is p prime?
True
Let m(i) = i**2 - 11*i + 15. Let r be m(10). Suppose -12 = 5*b - 4*s, 4 = 3*s - r*s. Is ((-13)/b)/(1/4) composite?
False
Let q(w) = w**3 + 2*w**2 - 6*w + 2. Is q(4) composite?
True
Let d = -99 - -218. Suppose 3*c - 4*b - d = 0, 0 = -5*c - b + 2 + 181. Is c composite?
False
Suppose -u + 2*u = 115. Is u a composite number?
True
Let h(i) = i + 7. Suppose 0*l + l = -3. Let y be h(l). Is 56 - 1 - (y + -2) prime?
True
Suppose 2*r = -3*h - 9, 3*r + 18 = -5*h + 3. Let d = h - -3. Suppose 5*i + d*i = 2*j + 174, -3*i - 3*j = -96. Is i a composite number?
True
Let j be 746*((-3)/(-6))/1. Let r = j - 260. Suppose -332 = -5*h + r. Is h a composite number?
False
Suppose w = -2*s + 3078, 5*w = -17 - 3. Is s a prime number?
False
Let z(h) be the first derivative of -13*h**2/2 - 2*h + 1. Let i be z(-6). Suppose -i = -k - k. Is k composite?
True
Let m = -31 + -21. Let c = 175 - m. Suppose 1 + 2 = q, -5*q + c = 4*x. Is x a prime number?
True
Let p = 5 - 5. Let n(m) = -2*m + 55. Is n(p) prime?
False
Let c(t) = 5*t**3 + 3*t**2 + t - 2. Let o be c(-2). Let h be (o/12)/((-2)/3). Is (14/(-4))/((-2)/h) prime?
True
Suppose 0 = -0*k + 2*k - 4. Suppose -5*h = -m - k*m - 150, 3*h = -4*m + 119. Is h a composite number?
True
Suppose -4 = -3*h - h, 3*a = 5*h + 1. Is 38/(4*a/4) prime?
True
Let c(v) be the first derivative of -2 + 4*v - 9/2*v**2. Is c(-3) a composite number?
False
Let y(m) be the third derivative of m**5/60 + m**4/2 - 3*m**3/2 + m**2. Let i(z) = z**2 + 11*z - 8. Let q(n) = -3*i(n) + 2*y(n). Is q(-8) composite?
True
Let y be (6/10)/(3/555). Suppose 0 = -2*v + 5*f + 100, -5*f = -4*v + y + 99. Is v a prime number?
False
Suppose -x - 6 = 2*v, -4*v + 48 = -x - 3*x. Let y(c) = -14*c - 7. Is y(x) composite?
True
Let o(q) = q**2 - 2*q - 11. Suppose -u + 4*r = -4, 4*u = r - 3*r - 56. Is o(u) a prime number?
True
Let o(w) = -w**2 - 10*w - 8. Let j be o(-9). Let q be ((-6)/(-4))/((-6)/8). Is (j/q)/((-1)/74) a prime number?
True
Let v(g) = -g**3 + g**2 + 4. Let z be v(0). Let p(j) = j**3 - 2*j**2 + 6*j - 3. Is p(z) a prime number?
True
Suppose -2*o + 70 = -7*o. Let x = o + 33. Is x composite?
False
Let u(a) = a**3 + a**2 + a. Let b be u(0). Suppose b = -2*c + 66 + 64. Is c a composite number?
True
Let w(g) = -g + 5. Let u be w(4). Suppose -n + u + 82 = d, 4*n - 340 = -2*d. Is n prime?
False
Suppose -14*w + 5410 = -3564. Is w prime?
True
Is ((-1068)/(-36))/(2/222) prime?
False
Let a(y) = -y**3 - 7*y**2 - 7*y + 7. Is a(-8) a prime number?
True
Suppose 0 = 2*h - 1374 + 260. Is h a prime number?
True
Let p be 44 - (2/(-2) + 3). Suppose -w + 29 = -6*d + d, -2*w = -2*d - p. Is w composite?
False
Let h(s) = -s**3 + 17*s**2 - 10*s + 11. Let w be h(16). Let x = w + -72. Is x composite?
True
Suppose -3*n = -15 + 3. Is ((-2)/n)/((-9)/774) prime?
True
Suppose 0 = -2*r - 5*w - 182, -3*w = r + w + 94. Let z = -11 + 154. Let k = z + r. Is k a prime number?
False
Suppose -4*s + 2*k = 6, -s = -2*s - 4*k + 3. Is 115 + (0 - 1) - s a composite number?
True
Suppose -4*a + 25 = r, r = -5*a + 6*r. Let i(y) be the second derivative of 11*y**3/6 + 2*y**2 - y. Is i(a) a prime number?
True
Let c(o) = 61*o - 1. Is c(18) a composite number?
False
Suppose -6*z + 957 = -3*z. Is z composite?
True
Let t = 10 - 16. Let r(c) = -1 + 0*c**2 + 4*c**2 + 0 + 2*c - 2*c**2. Is r(t) a prime number?
True
Is 11/(-2 + 44/20) prime?
False
Suppose r - 5*r - 2*d = -12, -d + 9 = 3*r. Let b(z) = 11*z + r*z - 11*z - 3. Is b(3) composite?
True
Let i(h) = h**3 + 6*h**2 + 5*h + 5. Let b be i(-5). Suppose -10 - 3 = -l - 3*o, -b*l + 2*o = -31. Is l a composite number?
False
Suppose 2*d - 4*p = 42, -2*d + 4*d + 3 = -5*p. Let i = d - -24. Suppose 0 = -m - 0*m + i. Is m prime?
False
Is 12/9*138/4 composite?
True
Let g be ((-118)/(-4))/((-2)/4). Is 5*(-4 - -3)*g composite?
True
Suppose 0 = -p - 5*j - 12, 0 = -4*j - j - 15. Suppose 5*u + 5*k - k = 349, 72 = u + p*k. Suppose u = 2*r + r. Is r a composite number?
False
Let b(t) be the third derivative of -t**6/40 - 7*t**5/60 - t**4/12 + t**3/6 - t**2. Is b(-5) a prime number?
True
Let u(b) = -b**2 - 8*b - 3. Let z be u(-7). Let q(a) = -a + 2. Let s be q(-4). Suppose z*l + s = -10, -200 = -4*t + 4*l. Is t composite?
True
Suppose 2*g - 116 = 398. Is g a prime number?
True
Let u(h) = -5*h**3 + h**2 + h. Let s be (-2)/(-10) - 12/10. Let g be u(s). Suppose 2*b + g*z - 115 = 58, 3*z + 359 = 4*b. Is b composite?
False
Let c(k) = -13*k + 14. Let q(p) = -4*p + 5. Let d(i) = 2*c(i) - 7*q(i). Let o be d(5). Suppose -3*z = 7*u - 2*u - 1070, 15 = o*z. Is u a composite number?
False
Suppose j + j - 4*u = 526, -u - 789 = -3*j. Is j prime?
True
Suppose 0 = -h - 4*h + 2*v + 1181, -2*h = -v - 473. Let x = -164 + h. Let l = 168 - x. Is l prime?
True
Let m(k) = k**3 - k**2 - 3*k - 1. Let f be m(3). Let s be 2/f - (-54)/(-24). Let p = 1 - s. Is p a prime number?
True
Let z = 683 - 121. Is z a prime number?
False
Suppose -v + 4*w = -0*v - 174, 5*w = -3*v + 539. Is v a prime number?
False
Suppose 2*h + 2538 = 4*b + 5*h, -3*h + 6 = 0. Is -2 - b/(-6)*2 a composite number?
True
Suppose 4*w + w - 4*b - 3 = 0, 2*w - 3 = b. Let a(i) = w*i**2 + 2*i - 6 + 3*i - 4*i**2 + i. Is a(4) a prime number?
True
Let h = -88 + 291. Is h a prime number?
False
Let p(w) = 2*w**2 - 11*w - 8. Is p(9) a prime number?
False
Suppose -g = 5*j + 8, -2*g = -5*g + 5*j - 4. Is (g/(-9))/((-1)/(-129)) prime?
True
Suppose -4*l + 10 - 2 = 0. Let u be (l + 0)/((-2)/(-4)). Suppose 0 = 3*k + u*a - 263, 2*k - 9 - 167 = -2*a. Is k composite?
False
Let v = -2 + 2. Let r be 1 - (0 - (2 + v)). Suppose r*k + k = 380. Is k composite?
True
Is 2/(-3)*4230/(-12) composite?
True
Suppose 0*s + 4*l - 5 = 3*s, -10 = -4*s + 2*l. Suppose -4*z + 405 = s*m, 87 = -0*m + m + 2*z. Suppose 3*w + 42 + m = 2*b, 3*b - 174 = 3*w. Is b a prime number?
False
Suppose 2*q + f = -13, -2*q - 18 - 7 = 5*f. Let r(u) = -2*u**3 - 6*u**2 + 4*u + 11. Is r(q) prime?
False
Let d be (-2 - (-6)/2)*3. Is (d - 10)/(1/(-41)) prime?
False
Let d = -22 + 22. Is d + 0 - 518/(-14) composite?
False
Suppose -6*c = -5*c - 1477. Is c composite?
True
Is 970/20*(-14)/(-1) a prime number?
False
Suppose -3*b + q - 4 = 0, 0*b = b - 2*q + 8. Let k(x) = x**3 - x**2 + x + 4. Let y be k(0). Suppose 2*a + y - 326 = b. Is a composite?
True
Let d be (2 - -6)*(-1)/2. Let j = -4 - -6. Is j*14/d*-2 prime?
False
Let o(r) = r + 7. Let i be o(-5). Suppose 2*z = 4*b - 222, i*z - 96 = -4*b + 2*b. Is b a composite number?
False
Let o = -22 + 10. Let l = 55 - o. Is l composite?
False
Let p = -19 - -21. Suppose p*w - 1815 + 685 = 0. Is w composite?
True
Suppose 4*l = 3*m + 19, -m + 22 = 5*l - 16. Suppose 2 + l = 3*w. Is w a prime number?
True
Let l(g) = -g**2 - 25*g + 5. Is l(-13) a prime number?
False
Suppose -q = -4*w - 4, 2 = -4*q + 4*w - 6*w. Is q/1 - 12/(-4) a composite number?
False
Let d(y) = -y - 4. Let k be d(-5). Let g = k + 2. Is g a composite number?
False
Let x = -8 - -18. Let h be ((-4)/x)/(4/60). Let b(n) = 2*n**2 + 7*n + 5. Is b(h) a prime number?
False
Let l(h) = 5*h**2 + h - 5. Let s(r) = r**3 + 10*r**2 + 8*r - 7. Let v be s(-9). Suppose -v*w - 14 + 6 = 0. Is l(w) a prime number?
True
Let g(n) = 74*n**3 - n + 3. Let b(x) = -73*x**3 + x**2 - 3. Let d(z) = 3*b(z) + 4*g(z). Is d(2) a prime number?
False
Let g = 737 - -20. Is g a composite number?
False
Let c = 2171 + -810. Is c composite?
False
Let s be (-2 - (-6 + 0)) + -2. Let b be s - (2 - 0/(-2)). Suppose 9 = f - 2*n - 7, b = -f + n + 19. Is f a prime number?
False
Let o = -340 + 78. Is (17 - 13)*o/(-8) a composite number?
False
Suppose 75 = 2*g + 175. Let q = g + 8. Is ((-5)/(-15)